{"id":160,"date":"2017-07-21T20:38:37","date_gmt":"2017-07-21T18:38:37","guid":{"rendered":"http:\/\/www.alfredo-arias.com\/new\/?page_id=160"},"modified":"2017-07-26T16:58:04","modified_gmt":"2017-07-26T14:58:04","slug":"mentions-legales","status":"publish","type":"page","link":"https:\/\/alfredo-arias.com\/new\/mentions-legales\/","title":{"rendered":"Mentions l\u00e9gales"},"content":{"rendered":"<p>L&rsquo;ensemble de ce site rel\u00e8ve des l\u00e9gislations fran\u00e7aise et internationale sur le droit d&rsquo;auteur et la propri\u00e9t\u00e9 intellectuelle. Tous les droits de reproduction sont r\u00e9serv\u00e9s, y compris pour les documents iconographiques et photographiques.<\/p>\n<p>directeur de la publication : H\u00e9l\u00e8ne Icart \/\u00a0<a href=\"http:\/\/prima-donna.fr\/\" target=\"_blank\" rel=\"noopener\">prima-donna.fr<\/a><br \/>\nd\u00e9veloppement et maintenance :\u00a0<a href=\"http:\/\/cybernetique.info\/\" target=\"_blank\" rel=\"noopener\">cybernetique.info<\/a><br \/>\ngenerator :\u00a0<a href=\"http:\/\/wordpress.org\" target=\"_blank\" rel=\"noopener\">wordpress<\/a><br \/>\nh\u00e9bergeur :\u00a0<a href=\"http:\/\/ovh.com\/\" target=\"_blank\" rel=\"noopener\">OVH<\/a><\/p>\n","protected":false},"excerpt":{"rendered":"<p>L&rsquo;ensemble de ce site rel\u00e8ve des l\u00e9gislations fran\u00e7aise et internationale sur le droit d&rsquo;auteur et la propri\u00e9t\u00e9 intellectuelle. Tous les droits de reproduction sont r\u00e9serv\u00e9s, y compris pour les documents iconographiques et photographiques. directeur de la publication : H\u00e9l\u00e8ne Icart \/\u00a0prima-donna.fr d\u00e9veloppement et maintenance :\u00a0cybernetique.info generator :\u00a0wordpress h\u00e9bergeur :\u00a0OVH<\/p>\n","protected":false},"author":1,"featured_media":0,"parent":0,"menu_order":0,"comment_status":"closed","ping_status":"closed","template":"","meta":{"_acf_changed":false,"site-sidebar-layout":"default","site-content-layout":"","ast-site-content-layout":"","site-content-style":"default","site-sidebar-style":"default","ast-global-header-display":"","ast-banner-title-visibility":"","ast-main-header-display":"","ast-hfb-above-header-display":"","ast-hfb-below-header-display":"","ast-hfb-mobile-header-display":"","site-post-title":"","ast-breadcrumbs-content":"","ast-featured-img":"","footer-sml-layout":"","theme-transparent-header-meta":"","adv-header-id-meta":"","stick-header-meta":"","header-above-stick-meta":"","header-main-stick-meta":"","header-below-stick-meta":"","astra-migrate-meta-layouts":"","ast-page-background-enabled":"default","ast-page-background-meta":{"desktop":{"background-color":"var(--ast-global-color-4)","background-image":"","background-repeat":"repeat","background-position":"center center","background-size":"auto","background-attachment":"scroll","background-type":"","background-media":"","overlay-type":"","overlay-color":"","overlay-gradient":""},"tablet":{"background-color":"","background-image":"","background-repeat":"repeat","background-position":"center center","background-size":"auto","background-attachment":"scroll","background-type":"","background-media":"","overlay-type":"","overlay-color":"","overlay-gradient":""},"mobile":{"background-color":"","background-image":"","background-repeat":"repeat","background-position":"center center","background-size":"auto","background-attachment":"scroll","background-type":"","background-media":"","overlay-type":"","overlay-color":"","overlay-gradient":""}},"ast-content-background-meta":{"desktop":{"background-color":"var(--ast-global-color-5)","background-image":"","background-repeat":"repeat","background-position":"center center","background-size":"auto","background-attachment":"scroll","background-type":"","background-media":"","overlay-type":"","overlay-color":"","overlay-gradient":""},"tablet":{"background-color":"var(--ast-global-color-5)","background-image":"","background-repeat":"repeat","background-position":"center center","background-size":"auto","background-attachment":"scroll","background-type":"","background-media":"","overlay-type":"","overlay-color":"","overlay-gradient":""},"mobile":{"background-color":"var(--ast-global-color-5)","background-image":"","background-repeat":"repeat","background-position":"center center","background-size":"auto","background-attachment":"scroll","background-type":"","background-media":"","overlay-type":"","overlay-color":"","overlay-gradient":""}},"footnotes":""},"class_list":["post-160","page","type-page","status-publish","hentry"],"acf":[],"_links":{"self":[{"href":"https:\/\/alfredo-arias.com\/new\/wp-json\/wp\/v2\/pages\/160","targetHints":{"allow":["GET"]}}],"collection":[{"href":"https:\/\/alfredo-arias.com\/new\/wp-json\/wp\/v2\/pages"}],"about":[{"href":"https:\/\/alfredo-arias.com\/new\/wp-json\/wp\/v2\/types\/page"}],"author":[{"embeddable":true,"href":"https:\/\/alfredo-arias.com\/new\/wp-json\/wp\/v2\/users\/1"}],"replies":[{"embeddable":true,"href":"https:\/\/alfredo-arias.com\/new\/wp-json\/wp\/v2\/comments?post=160"}],"version-history":[{"count":4,"href":"https:\/\/alfredo-arias.com\/new\/wp-json\/wp\/v2\/pages\/160\/revisions"}],"predecessor-version":[{"id":403,"href":"https:\/\/alfredo-arias.com\/new\/wp-json\/wp\/v2\/pages\/160\/revisions\/403"}],"wp:attachment":[{"href":"https:\/\/alfredo-arias.com\/new\/wp-json\/wp\/v2\/media?parent=160"}],"curies":[{"name":"wp","href":"https:\/\/api.w.org\/{rel}","templated":true}]}}