{"id":42,"date":"2017-07-11T14:00:10","date_gmt":"2017-07-11T12:00:10","guid":{"rendered":"http:\/\/www.alfredo-arias.com\/new\/?page_id=42"},"modified":"2022-06-18T10:43:35","modified_gmt":"2022-06-18T08:43:35","slug":"actualite","status":"publish","type":"page","link":"https:\/\/alfredo-arias.com\/new\/","title":{"rendered":"Actualit\u00e9"},"content":{"rendered":"\n<h2 class=\"wp-block-heading\">Hello Andy ?<\/h2>\n\n\n\n<p><\/p>\n\n\n\n<div class=\"wp-block-media-text alignwide is-stacked-on-mobile no-space\" style=\"grid-template-columns:32% auto\"><figure class=\"wp-block-media-text__media\"><a href=\"https:\/\/www.alfredo-arias.com\/new\/hello-andy\/\"><img loading=\"lazy\" decoding=\"async\" width=\"731\" height=\"1024\" src=\"https:\/\/www.alfredo-arias.com\/new\/wp-content\/uploads\/Hello-Andy1-WEB-731x1024.jpg\" alt=\"\" class=\"wp-image-626 size-full\" srcset=\"https:\/\/alfredo-arias.com\/new\/wp-content\/uploads\/Hello-Andy1-WEB-731x1024.jpg 731w, https:\/\/alfredo-arias.com\/new\/wp-content\/uploads\/Hello-Andy1-WEB-107x150.jpg 107w, https:\/\/alfredo-arias.com\/new\/wp-content\/uploads\/Hello-Andy1-WEB-214x300.jpg 214w, https:\/\/alfredo-arias.com\/new\/wp-content\/uploads\/Hello-Andy1-WEB-768x1076.jpg 768w, https:\/\/alfredo-arias.com\/new\/wp-content\/uploads\/Hello-Andy1-WEB.jpg 1240w\" sizes=\"auto, (max-width: 731px) 100vw, 731px\" \/><\/a><\/figure><div class=\"wp-block-media-text__content\">\n<p><strong>Cr\u00e9ation vid\u00e9ographique con\u00e7ue par Alfredo Arias, Ignacio Masllorens, Juan Gatti<br>Interpr\u00e9t\u00e9e par Alejandra Radano<\/strong><\/p>\n\n\n\n<p><\/p>\n\n\n\n<p><\/p>\n\n\n\n<p>Joan Crawford est un mythe d\u2019Hollywood. H\u00e9ro\u00efne d\u2019\u00e9clatants et sombres m\u00e9lodrames.<br>Le r\u00e8gne de Joan sur les \u00e9crans a dur\u00e9 plusieurs d\u00e9cennies. Mais tous les r\u00e8gnes connaissent un d\u00e9clin.<\/p>\n<\/div><\/div>\n\n\n\n<p><br><em>Hello Andy?<\/em> raconte la solitude d\u2019une femme qui, ex-star prisonni\u00e8re du septi\u00e8me art, est confront\u00e9e \u00e0 l\u2019avenir incarn\u00e9 par l\u2019artiste Pop Andy Warhol, qui a su propulser la r\u00e9alit\u00e9 de son temps vers un futur d\u00e9sinvolte et visionnaire.<br><em>Hello Andy?<\/em> est un monologue \u00e9maill\u00e9 d\u2019images et de chansons, o\u00f9 le th\u00e9\u00e2tre s\u2019apparente aux arts plastiques et devient une s\u00e9rigraphie-th\u00e9\u00e2trale Pop autour du d\u00e9sir de survie de Joan Crawford.<\/p>\n\n\n\n<div style=\"height:49px\" aria-hidden=\"true\" class=\"wp-block-spacer\"><\/div>\n\n\n\n<h2 class=\"wp-block-heading\"><span class=\"cat-post-title\" style=\"font-size: 24pt;\">FANNY&nbsp;CAMINA<\/span><\/h2>\n\n\n\n<p><strong>Un\u00a0film\u00a0d\u2019Alfredo\u00a0Arias\u00a0et\u00a0Ignacio\u00a0Masllorens<\/strong><br>Avec\u00a0Alejandra\u00a0Radano<br><\/p>\n\n\n\n<figure class=\"wp-block-image is-resized\"><a href=\"https:\/\/vimeo.com\/237411498\/555defe42b\" target=\"_blank\" rel=\"noopener\"><img loading=\"lazy\" decoding=\"async\" src=\"https:\/\/www.alfredo-arias.com\/new\/wp-content\/uploads\/video-310x179.jpg\" alt=\"\" class=\"wp-image-646\" width=\"386\" height=\"223\" srcset=\"https:\/\/alfredo-arias.com\/new\/wp-content\/uploads\/video-310x179.jpg 310w, https:\/\/alfredo-arias.com\/new\/wp-content\/uploads\/video-150x86.jpg 150w, https:\/\/alfredo-arias.com\/new\/wp-content\/uploads\/video-768x442.jpg 768w, https:\/\/alfredo-arias.com\/new\/wp-content\/uploads\/video.jpg 939w\" sizes=\"auto, (max-width: 386px) 100vw, 386px\" \/><\/a><\/figure>\n\n\n\n<p><a href=\"https:\/\/vimeo.com\/237411498\/555defe42b\" target=\"_blank\" rel=\"noopener\">voir la video : vimeo.com\/237411498\/555defe42b<\/a><\/p>\n","protected":false},"excerpt":{"rendered":"<p>Hello Andy ? Cr\u00e9ation vid\u00e9ographique con\u00e7ue par Alfredo Arias, Ignacio Masllorens, Juan GattiInterpr\u00e9t\u00e9e par Alejandra Radano Joan Crawford est un mythe d\u2019Hollywood. H\u00e9ro\u00efne d\u2019\u00e9clatants et sombres m\u00e9lodrames.Le r\u00e8gne de Joan sur les \u00e9crans a dur\u00e9 plusieurs d\u00e9cennies. Mais tous les r\u00e8gnes connaissent un d\u00e9clin. Hello Andy? raconte la solitude d\u2019une femme qui, ex-star prisonni\u00e8re du &hellip;<\/p>\n<p class=\"read-more\"> <a class=\"\" href=\"https:\/\/alfredo-arias.com\/new\/\"> <span class=\"screen-reader-text\">Actualit\u00e9<\/span> Lire la suite\u00a0\u00bb<\/a><\/p>\n","protected":false},"author":1,"featured_media":0,"parent":0,"menu_order":0,"comment_status":"closed","ping_status":"closed","template":"","meta":{"_acf_changed":false,"site-sidebar-layout":"default","site-content-layout":"","ast-site-content-layout":"","site-content-style":"default","site-sidebar-style":"default","ast-global-header-display":"","ast-banner-title-visibility":"","ast-main-header-display":"","ast-hfb-above-header-display":"","ast-hfb-below-header-display":"","ast-hfb-mobile-header-display":"","site-post-title":"disabled","ast-breadcrumbs-content":"","ast-featured-img":"","footer-sml-layout":"","theme-transparent-header-meta":"","adv-header-id-meta":"","stick-header-meta":"","header-above-stick-meta":"","header-main-stick-meta":"","header-below-stick-meta":"","astra-migrate-meta-layouts":"","ast-page-background-enabled":"default","ast-page-background-meta":{"desktop":{"background-color":"var(--ast-global-color-4)","background-image":"","background-repeat":"repeat","background-position":"center center","background-size":"auto","background-attachment":"scroll","background-type":"","background-media":"","overlay-type":"","overlay-color":"","overlay-gradient":""},"tablet":{"background-color":"","background-image":"","background-repeat":"repeat","background-position":"center center","background-size":"auto","background-attachment":"scroll","background-type":"","background-media":"","overlay-type":"","overlay-color":"","overlay-gradient":""},"mobile":{"background-color":"","background-image":"","background-repeat":"repeat","background-position":"center center","background-size":"auto","background-attachment":"scroll","background-type":"","background-media":"","overlay-type":"","overlay-color":"","overlay-gradient":""}},"ast-content-background-meta":{"desktop":{"background-color":"var(--ast-global-color-5)","background-image":"","background-repeat":"repeat","background-position":"center center","background-size":"auto","background-attachment":"scroll","background-type":"","background-media":"","overlay-type":"","overlay-color":"","overlay-gradient":""},"tablet":{"background-color":"var(--ast-global-color-5)","background-image":"","background-repeat":"repeat","background-position":"center center","background-size":"auto","background-attachment":"scroll","background-type":"","background-media":"","overlay-type":"","overlay-color":"","overlay-gradient":""},"mobile":{"background-color":"var(--ast-global-color-5)","background-image":"","background-repeat":"repeat","background-position":"center center","background-size":"auto","background-attachment":"scroll","background-type":"","background-media":"","overlay-type":"","overlay-color":"","overlay-gradient":""}},"footnotes":""},"class_list":["post-42","page","type-page","status-publish","hentry"],"acf":[],"_links":{"self":[{"href":"https:\/\/alfredo-arias.com\/new\/wp-json\/wp\/v2\/pages\/42","targetHints":{"allow":["GET"]}}],"collection":[{"href":"https:\/\/alfredo-arias.com\/new\/wp-json\/wp\/v2\/pages"}],"about":[{"href":"https:\/\/alfredo-arias.com\/new\/wp-json\/wp\/v2\/types\/page"}],"author":[{"embeddable":true,"href":"https:\/\/alfredo-arias.com\/new\/wp-json\/wp\/v2\/users\/1"}],"replies":[{"embeddable":true,"href":"https:\/\/alfredo-arias.com\/new\/wp-json\/wp\/v2\/comments?post=42"}],"version-history":[{"count":34,"href":"https:\/\/alfredo-arias.com\/new\/wp-json\/wp\/v2\/pages\/42\/revisions"}],"predecessor-version":[{"id":833,"href":"https:\/\/alfredo-arias.com\/new\/wp-json\/wp\/v2\/pages\/42\/revisions\/833"}],"wp:attachment":[{"href":"https:\/\/alfredo-arias.com\/new\/wp-json\/wp\/v2\/media?parent=42"}],"curies":[{"name":"wp","href":"https:\/\/api.w.org\/{rel}","templated":true}]}}